ainder when x is divided by ((-18)/(-12))/(k/(-20))?
8
Let p = 406 + -256. What is the remainder when p is divided by 38?
36
Suppose 5*l = 16 + 14. Let i = 0 + l. Calculate the remainder when 1*1/(-1)*-23 is divided by i.
5
Suppose b - 5*p - 45 = 0, 5*b + p + 3*p = 167. Calculate the remainder when b is divided by 19.
16
Let z = -2 - -7. What is the remainder when 12 is divided by z?
2
Let c(x) = -x - 5. Let y be c(-5). Suppose -5*q = 4*t + 5, y = -5*t - 3*q + 7 + 3. Suppose t*g - 6 = 4*g. Calculate the remainder when 17 is divided by g.
5
Let x be -2*((-28)/8 + 3). What is the remainder when 18 is divided by (-2 - 0) + 12/x?
8
Let y be (20/16)/(1/24). Calculate the remainder when 1/((-2)/(-3*38)) is divided by (-2 + -2)*y/(-8).
12
Let c be 0 + 1 - 0/5. What is the remainder when 34 - (c + -3 + 1) is divided by (-9)/(2*(-3)/12)?
17
Let t be 2 + 0 + 9/3. Suppose 0 = 3*u - 7 - t. Suppose u = -4*m, 3*m + 34 = v - 2*m. Calculate the remainder when v is divided by 10.
9
Let p(n) = n**3 - 6*n**2 + 7*n - 3. Let b be (3 - -4) + -1 - 1. What is the remainder when p(b) is divided by 3?
1
Let o(a) = -64*a. Let d(u) = -13*u. Let l(h) = 11*d(h) - 2*o(h). Calculate the remainder when 43 is divided by l(-1).
13
Calculate the remainder when (4 + (3 - -22))*1 is divided by 8.
5
Suppose 15 = -v + 3*z - 2*z, 3*v - 5*z = -35. Let l be v*(-9)/3 - 2. Let h = 81 - l. Calculate the remainder when h is divided by 8.
7
Suppose 9 = -4*s + s, -4*n + 3*s = -121. What is the remainder when 111 is divided by n?
27
Suppose 9*f = 4*f + 5*i + 45, i = -3*f + 7. Suppose 7 + 12 = o. Suppose 4*b - 6 = 6*b, 2*m - 3*b = o. What is the remainder when m is divided by f?
1
Let y(o) = o**3 - 3*o**2 + o + 2. Let h be y(2). Suppose -3*a = -5*a + 82. Suppose l = -h*l + a. What is the remainder when l is divided by 14?
13
Let r(p) = p**3 - p**2 - p + 8. What is the remainder when 13 is divided by r(0)?
5
Let i(v) = v + 2. Let r be i(0). Suppose r*t + 50 = 2*m + 10, -m + 18 = t. What is the remainder when 36 is divided by m?
17
Let l(j) = j**3 + 7*j**2 - 2*j + 9. What is the remainder when l(-7) is divided by 15?
8
Let n be 7/2 + 1/(-2). Suppose -2*y - n*p + 0*p = -4, -p = -4*y + 8. Suppose y*o + 82 = 4*o. Calculate the remainder when o is divided by 11.
8
Suppose -5*d = 3*a - 98, 0 = -2*a + d + 33 + 28. What is the remainder when a is divided by (-3)/(-12) - 43/(-4)?
9
Suppose -2*z = z - 6. Suppose -3*t - z*t + 20 = -5*f, 4*f + 2*t = -4. Let s(q) = 2*q**2 + 2*q - 1. What is the remainder when s(f) is divided by 2?
1
Let f = 30 - 19. Suppose -4*w = -6*w. Suppose x + 2 = w, x - 98 = -3*z + 2*x. Calculate the remainder when z is divided by f.
10
Let n be (13 + -4)*(-4)/6. Let p = -2 - n. Calculate the remainder when 14 is divided by p.
2
Let b(s) = -s**3 - 2*s + 4. Suppose c = 4*c + 9. What is the remainder when b(-3) is divided by (-2)/c - (-37)/3?
11
Let v be (-3)/(-1) - 2*-24. Suppose v = -2*x + 5*x. Calculate the remainder when 33 is divided by x.
16
Suppose 0 = 2*o + 10, 2*i + 2*o - 48 = 4*o. What is the remainder when i is divided by 7?
5
Let f(m) = 6 - 6 + m. Let x(j) = j + 8. Calculate the remainder when f(3) is divided by x(-6).
1
Suppose 36 = s + 2*s. Let q = -227 - -159. Calculate the remainder when 3*(q/(-3))/2 is divided by s.
10
Let z = 10 + 2. What is the remainder when 155 is divided by z?
11
Let d = -1 - -25. Calculate the remainder when d is divided by 11.
2
Let p(b) = -b**3 - b**2 + b + 28. Let g = 10 + -10. Let c = 40 - 25. Calculate the remainder when p(g) is divided by c.
13
Let a be 2/((-2)/1) + 4. Calculate the remainder when (-86)/4*(-6)/a is divided by 22.
21
Let g(z) = z**2 - 7*z + 14. What is the remainder when 153 is divided by g(7)?
13
Suppose -6 + 1 = -5*w. What is the remainder when 5 is divided by w?
0
Let h(x) = -2*x - 9. Let f be h(-7). Suppose -5*g + 3*y = -81 - 36, 4*g - 64 = -f*y. Let n = 61 - 49. Calculate the remainder when g is divided by n.
9
Let s(h) = -h**2 - 3*h - 3. Let c be s(-2). Calculate the remainder when 24 is divided by 12/(0 - c) - -1.
11
Let p be (-57)/(-95) - (-14)/10. Suppose 9 = p*n + 3*w, 0 = n + 4*n + 3*w - 45. What is the remainder when 33 is divided by n?
9
Suppose k = -4*v + 4, -22 - 10 = -2*k + 4*v. Suppose 3*h - 57 = k. What is the remainder when h is divided by 13?
10
Suppose 51 - 12 = 3*j. Let t = j - -18. What is the remainder when t is divided by 9?
4
Suppose 40 = 2*a - 0. Calculate the remainder when a is divided by 6.
2
Let d(c) = -5*c + 3*c**2 + 4*c + 2*c. Let l be d(1). Suppose -34 = -l*g + 42. Calculate the remainder when 36 is divided by g.
17
Let f be ((-4)/(-3))/((-8)/(-12)). Suppose 4*s + 2 - 18 = -f*l, -3*l - 5*s = -20. Suppose l*k + k - 14 = 0. What is the remainder when k is divided by 8?
6
Let g(y) = -2*y + 10. What is the remainder when 78 is divided by g(-3)?
14
Let s = 6 - -23. Let o be 15/9 + 2/6. Suppose -o*b + 0*k = 2*k - 18, 7 = b + 3*k. Calculate the remainder when s is divided by b.
9
Calculate the remainder when 700/22 + 4/22 is divided by 12.
8
Suppose 7*j = 5*j + 28. Calculate the remainder when 27 is divided by j.
13
Suppose -14*c + 12*c = -10. Let i = c + 1. What is the remainder when 9 is divided by i?
3
Suppose 3*v + 2*v - 85 = 0. What is the remainder when 67 is divided by v?
16
Suppose -4*a + a = 0. Suppose a = -t + 6. What is the remainder when 11 is divided by t?
5
Let w = 48 + -127. Let q = w - -124. Suppose 0 = 2*d + 3*d - q. Calculate the remainder when 25 is divided by d.
7
Let z = -58 - -64. Let s(f) = -14*f. Let k be s(2). Let c = -12 - k. Calculate the remainder when c is divided by z.
4
Let b(r) = 20*r + 1. Let t(v) = -v**3 + 5*v**2 - 5. What is the remainder when b(2) is divided by t(4)?
8
Suppose 5*v - 107 = 2*b - 7, 2*v - 2*b - 34 = 0. Let c(k) = 2*k**2 + 5*k + 5. Let m be c(-4). Let p = m + -5. What is the remainder when v is divided by p?
10
Suppose 4*h - 54 - 22 = 0. Calculate the remainder when h is divided by (-3 - 5/(-20))/((-2)/8).
8
Suppose c - 4 = 0, 23 = 2*d + 4*c - 19. Calculate the remainder when 49 is divided by d.
10
Let h(j) = 17*j. Suppose 0 = m - 2 - 0. What is the remainder when 100 is divided by h(m)?
32
Let b be 1/(-2)*-6 + 1. Suppose 2*d = d - 3*m + 10, -b*m + 12 = d. Calculate the remainder when 11 is divided by d.
3
Suppose -3*l - l = -20. Suppose -l*d = 4*s - 97, 3*s - 2*d - 44 = s. Let b(j) = -j**2 - 7*j + 2. Calculate the remainder when s is divided by b(-5).
11
Let x(h) = h**2. Let t be (5 - -3)*1/2. Let i = 0 + t. Calculate the remainder when 30 is divided by x(i).
14
Let k = -3 - -17. Let o(q) = -2 + 2*q - 3*q + 6. What is the remainder when k is divided by o(-4)?
6
Suppose 4*p + 3*q - 192 = 0, -2*p - 4*q = 5 - 101. Suppose 4*v + k = -2*k + 56, 3*v + 3*k - 39 = 0. Calculate the remainder when p is divided by v.
14
Let v = -25 + 68. Let u(q) = q**2 - 5*q + 1. Let o = -16 + 23. Calculate the remainder when v is divided by u(o).
13
Suppose -5*s - 18 = -p, -3*p + 2*s = -5*p + 36. Calculate the remainder when p is divided by 5.
3
What is the remainder when 32 is divided by 108/10 - 2/(-10)?
10
Let n = -2 - -3. Suppose -5 = -i + n. What is the remainder when 10 is divided by i?
4
What is the remainder when 110 is divided by 59 - 1/3*9?
54
Let u(g) = g. Let s be u(-2). Let q be 5/(-3) - (-1)/(-3). Calculate the remainder when (s + 4)/(q/(-3)) is divided by 2.
1
Suppose 3*m + 2 = -4*l - 2*m, -4*m = 8. Suppose 5*d + 34 = -2*o + 3*o, -l*d - 20 = -2*o. Let s = d + 12. What is the remainder when 10 is divided by s?
4
Let h = -6 - -4. Suppose 0 = -0*j + 5*j + 3*z - 29, -4*z = j - 16. Calculate the remainder when (-120)/h*2/j is divided by 8.
6
What is the remainder when 9 is divided by 364/70 - (-4)/5?
3
Let g(l) = 21*l + 3. Let b(k) = -k - 1. Let c(s) = 18*b(s) + g(s). What is the remainder when c(7) is divided by 2?
0
Let g(c) = -11*c - 48. What is the remainder when 100 is divided by g(-9)?
49
Suppose 0 = w + 5*c + 4, c + 3*c + 6 = 2*w. Let q be 17/(1 - (3 - w)). Let l = q - -29. Calculate the remainder when 35 is divided by l.
11
Let p = -2 + 4. Let w = -63 - -85. Suppose -k + 28 = k + p*o, 3*o = -k + w. What is the remainder when k is divided by 4?
2
Calculate the remainder when 10 is divided by 7 - 0*4/(-16).
3
Let p be 12/(6 + -3) + -2. Suppose p*v - 42 =